7
What are the prime factors of 451143?
3, 7, 11, 31
What are the prime factors of 958189?
19, 29, 37, 47
List the prime factors of 5276150.
2, 5, 11, 53, 181
List the prime factors of 152175.
3, 5, 2029
List the prime factors of 170814.
2, 3, 7, 83
What are the prime factors of 1904824?
2, 238103
What are the prime factors of 252113?
61, 4133
List the prime factors of 50649.
3, 16883
List the prime factors of 164577.
3, 7, 17, 461
What are the prime factors of 1599745?
5, 7, 45707
List the prime factors of 515178.
2, 3, 28621
What are the prime factors of 2959527?
3, 986509
What are the prime factors of 877909?
877909
What are the prime factors of 207851?
7, 23, 1291
List the prime factors of 370231.
23, 16097
What are the prime factors of 2475730?
2, 5, 29, 8537
List the prime factors of 34330.
2, 5, 3433
What are the prime factors of 240110?
2, 5, 13, 1847
What are the prime factors of 43096?
2, 5387
List the prime factors of 726493.
101, 7193
What are the prime factors of 983381?
7, 47, 61
List the prime factors of 11814704.
2, 11, 67129
List the prime factors of 104040.
2, 3, 5, 17
List the prime factors of 899167.
89, 10103
What are the prime factors of 2134862?
2, 823, 1297
List the prime factors of 236932.
2, 59233
What are the prime factors of 189603?
3, 21067
List the prime factors of 1499822.
2, 19, 29, 1361
What are the prime factors of 232470?
2, 3, 5, 7, 41
What are the prime factors of 759764?
2, 17, 11173
What are the prime factors of 315404?
2, 29, 2719
What are the prime factors of 6514451?
17, 23, 16661
What are the prime factors of 2967246?
2, 3, 54949
List the prime factors of 986613.
3, 19, 911
What are the prime factors of 7865992?
2, 137, 7177
List the prime factors of 15113276.
2, 3778319
List the prime factors of 2085305.
5, 17, 24533
List the prime factors of 651529.
19, 53, 647
List the prime factors of 3814679.
11, 239, 1451
List the prime factors of 1768623.
3, 29, 701
List the prime factors of 2344616.
2, 37, 89
List the prime factors of 1887946.
2, 647, 1459
What are the prime factors of 2160787?
2160787
What are the prime factors of 10869275?
5, 59, 7369
List the prime factors of 13761340.
2, 5, 688067
List the prime factors of 209723.
401, 523
List the prime factors of 378153.
3, 42017
List the prime factors of 197190.
2, 3, 5, 7, 313
What are the prime factors of 5153471?
31, 37, 4493
What are the prime factors of 19307?
43, 449
What are the prime factors of 3312325?
5, 47, 2819
List the prime factors of 1442425.
5, 57697
What are the prime factors of 713455?
5, 293, 487
What are the prime factors of 33492?
2, 3, 2791
What are the prime factors of 453064?
2, 56633
List the prime factors of 1741721.
23, 41, 1847
What are the prime factors of 15315093?
3, 137, 12421
What are the prime factors of 203295?
3, 5, 13553
What are the prime factors of 6960985?
5, 1392197
List the prime factors of 1028686.
2, 514343
List the prime factors of 7929310.
2, 5, 17, 46643
What are the prime factors of 128478?
2, 3, 7, 19, 23
What are the prime factors of 340471?
101, 3371
List the prime factors of 3552419.
13, 23, 109
What are the prime factors of 393014?
2, 37, 47, 113
What are the prime factors of 746188?
2, 101, 1847
List the prime factors of 14794955.
5, 7, 149, 2837
What are the prime factors of 2372545?
5, 7, 53, 1279
List the prime factors of 15370691.
7, 149, 14737
List the prime factors of 293727.
3, 7, 71, 197
List the prime factors of 18728675.
5, 7, 107021
List the prime factors of 12727382.
2, 197, 32303
List the prime factors of 18941347.
19, 83, 12011
What are the prime factors of 2026709?
59, 34351
What are the prime factors of 40879?
40879
What are the prime factors of 5394063?
3, 1798021
List the prime factors of 17757932.
2, 19, 23, 10159
List the prime factors of 1590609.
3, 530203
What are the prime factors of 263768?
2, 32971
What are the prime factors of 3976831?
3976831
What are the prime factors of 1779186?
2, 3, 17, 17443
List the prime factors of 1231938.
2, 3, 89, 769
List the prime factors of 4373326.
2, 37, 113, 523
List the prime factors of 353449.
571, 619
What are the prime factors of 1529697?
3, 13, 61, 643
List the prime factors of 105326.
2, 13, 4051
What are the prime factors of 6777891?
3, 251033
List the prime factors of 27100141.
23, 51229
What are the prime factors of 6072037?
6072037
List the prime factors of 2283274.
2, 7, 31, 5261
List the prime factors of 2177840.
2, 5, 7, 3889
List the prime factors of 4804654.
2, 23, 149, 701
List the prime factors of 3727515.
3, 5, 11, 19, 29, 41
What are the prime factors of 2448805?
5, 489761
What are the prime factors of 1661503?
1661503
What are the prime factors of 771512?
2, 7, 23, 599
What are the prime factors of 22840571?
13, 17, 181, 571
What are the prime factors of 3666094?
2, 43, 47, 907
List the prime factors of 173508.
2, 3, 19, 761
List the prime factors of 6400555.
5, 7, 23, 7951
List the prime factors of 10365123.
3, 83, 41627
List the prime factors of 6364368.
2, 3, 193, 229
What are the prime factors of 1108494?
2, 3, 61583
List the prime factors of 8102109.
3, 67, 173, 233
List the prime factors of 4469394.
2, 3, 31, 24029
List the prime factors of 8271034.
2, 233, 17749
What are the prime factors of 1917086?
2, 958543
List the prime factors of 364171.
364171
What are the prime factors of 185809?
13, 14293
List the prime factors of 196221.
3, 65407
What are the prime factors of 222783?
3, 11, 43, 157
What are the prime factors of 633626?
2, 7, 45259
What are the prime factors of 5488278?
2, 3, 914713
List the prime factors of 7100881.
1097, 6473
List the prime factors of 807748.
2, 201937
What are the prime factors of 57813?
3, 7, 2753
What are the prime factors of 1610081?
11, 197, 743
List the prime factors of 602467.
97, 6211
List the prime factors of 1606722.
2, 3, 13, 20599
List the prime factors of 54183.
3, 18061
What are the prime factors of 56923?
56923
List the prime factors of 570094.
2, 7, 43, 947
List the prime factors of 33917.
13, 2609
List the prime factors of 98997.
3, 32999
List the prime factors of 8894766.
2, 3, 1482461
List the prime factors of 7730847.
3, 431, 1993
What are the prime factors of 11302324?
2, 11, 61, 4211
What are the prime factors of 4229954?
2, 2114977
List the prime factors of 1366977.
3, 455659
List the prime factors of 1112381.
1112381
List the prime factors of 13519317.
3, 7, 19, 31, 1093
What are the prime factors of 501242?
2, 7, 35803
List the prime factors of 4666.
2, 2333
What are the prime factors of 1088414?
2, 373, 1459
List the prime factors of 12806168.
2, 17, 29, 191
List the prime factors of 30017.
13, 2309
List the prime factors of 1454880.
2, 3, 5, 7, 433
List the prime factors of 33050133.
3, 1224079
List the prime factors of 1723764.
2, 3, 7, 20521
What are the prime factors of 332947?
332947
List the prime factors of 5977685.
5, 7, 19, 89, 101
List the prime factors of 3161187.
3, 13009
List the prime factors of 6349675.
5, 253987
What are the prime factors of 3054257?
701, 4357
List the prime factors of 857706.
2, 3, 163, 877
What are the prime factors of 1452905?
5, 17, 17093
List the prime factors of 112310.
2, 5, 11, 1021
List the prime factors of 391641.
3, 130547
List the prime factors of 2283083.
11, 17, 29, 421
What are the prime factors of 327292?
2, 7, 11689
List the prime factors of 15675668.
2, 739, 5303
What are the prime factors of 18967598?
2, 13, 31, 101, 233
List the prime factors of 2458232.
2, 7, 6271
What are the prime factors of 1407063?
3, 7, 67003
What are the prime factors of 16771?
31, 541
List the prime factors of 10507481.
23, 31, 14737
What are the prime factors of 197294?
2, 23, 4289
What are the prime factors of 2845500?
2, 3, 5, 7, 271
List the prime factors of 349831.
349831
What are the prime factors of 6396024?
2, 3, 23, 11587
What are the prime factors of 20219416?
2, 7, 127, 2843
List the prime factors of 370868.
2, 92717
What are the prime factors of 322563?
3, 19, 5659
What are the prime factors of 420309?
3, 5189
List the prime factors of 340866.
2, 3, 29, 653
What are the prime factors of 59983?
7, 11, 19, 41
List the prime factors of 8934797.
37, 113, 2137
List the prime factors of 32957.
32957
List the prime factors of